 -18 + -2 + (-45 + 27 - -16).
-22
What is the value of (-75 - (-14 + 2 - 11)) + 8?
-44
What is the value of ((4 - 10) + 14 - (5 + -1)) + (2 - 10)?
-4
What is the value of 16 + (22 - (30 - 3)) + -2 + 2 + -1?
10
Calculate (933 - 760) + (-88 - 5).
80
Calculate -57 + (-16 + 2 + 3 - (-225 + 211)).
-54
What is 107 - (306 + -232 + (-36 - 1))?
70
What is the value of 19 + -3 + -15 + 7 + 5 + 8 + -7?
14
What is (22 + 11 - 8) + 50 + -113?
-38
31 + (-103 - -31) - -65
24
Calculate 47 - 52 - -49 - 38.
6
What is the value of 20 - (-4 + 26 + 12 - 77)?
63
What is (3 - -6) + (1 - 21 - (318 + -348))?
19
-105 + -80 + 204 + (-89 - 0)
-70
What is the value of 3 - (7 - (27 + -9) - -25)?
-11
Calculate 4132 - 4145 - (2 - -70).
-85
Calculate (-32 - (-3 + 2)) + (-12 + -6 - -4) + 30.
-15
6 - (18 + -7) - 32 - (9 + 2)
-48
What is -18 + -27 - (-60 + 43)?
-28
Evaluate (27 - -7) + -41 - ((2 + -1 - 46) + -2).
40
Calculate -3 + -3 + 1 + (23 - 6) + -21 - 0.
-9
Evaluate (94 - 0) + (-12 - (-29 - -50)) + 31.
92
What is (-10 - ((-13 + -1 - -10) + 9 + -4)) + -15?
-26
Evaluate -15 - (0 - (-7 + 35)).
13
-12 + 42 + -570 + 653
113
-378 + 385 + (5 - (-1 - 51) - 8)
56
What is 43 - (38 + -13) - 21?
-3
Evaluate 2 - ((24 - -65) + -66 + (-20 - -1)).
-2
Calculate -58 - (-45 + 94 + -9).
-98
(0 - 11) + 21 + 8 + 8 - (0 - 5)
31
What is the value of (8 - (-5 - 1)) + (-5 + -27 - -90)?
72
What is 41 - (38 - (33 - 23 - -5))?
18
(-70 - -2) + -1 + 22 + -17 + -12 + 1
-75
(-98 + 46 - -173) + -32
89
(8 - (0 + 15) - -11) + -5 + 52
51
What is 29 - 9 - 60 - -17?
-23
What is the value of 26 - 59 - -94 - (-34 + 24 - (0 + -3))?
68
What is 27 - 77 - (80 + -120) - (1 + -12)?
1
What is the value of (-6 - (-29 - -18) - -10) + -1 + 3?
17
13 + 0 + 13 + (-10 + -2 - -7)
21
Evaluate -23 - (-22 - (-67 + 119)).
51
Evaluate 24 + -6 - -14 - 87.
-55
What is 1 + (39 - 38) - ((3 - 38) + 1)?
36
-3 - -96 - (-812 - -884)
21
What is the value of -51 + 7 + (18 - (51 - 69))?
-8
What is -4 + (11 - 19) - (-13 + (-13 - -80))?
-66
50 + -93 + 27 + 9
-7
Calculate 5874 + -5801 - (138 - 1).
-64
-5 - (0 - (5 + -12 + -6 + 9) - 33)
24
What is (-9 + (3 - -3 - 16) - -17) + 60?
58
What is 31 - (-35 - (-36 - -37))?
67
41 + -44 - (5 + 1) - 34
-43
What is (-1111 + 989 - (-30 - 1)) + (-1 + 4 - -7)?
-81
Evaluate -91 - -116 - (-10 - -7).
28
Evaluate -29 - (3 + (-29 - -11 - 1) + 19).
-32
What is the value of 38 + 0 + 1 - (-375 + 201 - -194)?
19
What is the value of 37 + 6 + -53 + (-7 + 3 - (76 + -4))?
-86
76 + -52 - (-18 - (26 + -23))
45
Calculate (-515 + 560 - (0 + -28)) + -3.
70
Calculate 15 - 20 - -10 - (-4 - (8 - (10 - 7))).
14
(0 - 1 - -14) + (-329 + 492 - 147)
29
Evaluate 83 - (10 - (22 - 7) - (3 + (5 - 15))).
81
What is 1 + 9 + -20 + -30 - 7?
-47
What is -4 + 8 - 41 - (-77 + 61)?
-21
(-10 + 5 - 5) + ((16 - 31) + 5 - -139)
119
Calculate 23 + -3 - (143 - 103 - 16).
-4
Calculate 0 + 26 + 1 - (-512 - (-1077 + 573)).
35
Evaluate (0 + 1 + 0 - (25 + -26 + 7)) + -16.
-21
Evaluate 7 + (2 - (9 - -6) - -7 - (0 + 61)).
-60
-71 + (-87 - -125) + 98
65
Evaluate -10 + (-43 - -31 - (-30 - (1 - -2))).
11
1 - (-11 + 26) - (-6 + -73 + 8)
57
0 + 4 + (-5 + -81 + 32 - (-9 + -1))
-40
Evaluate (-43 - -67) + -59 + 86.
51
What is (-101 - (-38 + 47)) + 239?
129
Evaluate 30 - ((-631 - -594) + -1 + -5).
73
What is -101 + 122 + -16 + (-4 - (0 + -2))?
3
7 + -3 - (-153 + 136)
21
Evaluate 27 + -1 + (-9 - -15) + -58.
-26
What is the value of -74 - (-140 + 26 + 17)?
23
109 - (-96 - -213) - (41 + 0)
-49
Calculate 1 + 269 - (21095 + -20955).
130
Evaluate (-5 - -12) + -5 + -46.
-44
Calculate (-122 - 7) + 13 + -26 + 11.
-131
Evaluate 11 - ((-20 - -42) + (-1 - -38)).
-48
Evaluate 4 + (-1 + -3 - (69 + (-86 - -67))).
-50
What is 2 + 3 + -67 - ((-2 - -9) + -3 + 2)?
-68
Evaluate -15 - (0 + (12 - 19) - (-4 - 0)).
-12
What is the value of -4 - ((81 - 164) + 128)?
-49
What is the value of -1 + (-1 - 7) + (0 - -9) + 17 + -17?
0
Evaluate 16 + (-2 - -8) + 32 + -15.
39
-11 + 0 + (10 - (-13 + 12 - (-4 + -1)))
-5
Evaluate (-2 - -7 - -65) + (-1 - 4) + (-346 - -339).
58
-85 + 36 + 22 + -12
-39
1 - (-22 - 15 - (8 - 4 - 1))
41
Calculate (-9 - 16 - -16) + 22 + -16 + -51.
-54
What is -1 + 0 + (78 - 91) + (-6 - (-23 + 3))?
0
What is -21 - (2 + -1) - (-36 + (237 - 197))?
-26
(0 + -63 - (-1 + 2)) + (-35 + -101 - -146)
-54
What is (-37 - -28 - -5 - -43) + 11?
50
Calculate -14 + 2 - (-58 + (-26 - -195)).
-123
-49 + 120 + -51 - (3 + -22)
39
Evaluate -3 + 3 - (-50 - 3) - (866 + -851).
38
What is the value of 1 - -5 - (-143 + 147) - (13 + 0 + 18)?
-29
What is the value of 23 + -15 + (2 - (4 + 15) - -29)?
20
Evaluate (6 - (-92 + 1)) + (4 + 13 - 12 - 16).
86
Calculate -4 + -1 + 660 + -643.
12
-1 - -4 - 15 - (29 + (-35 - -17))
-23
Calculate 72 - ((-65 - -181) + -21).
-23
What is the value of -15 - ((11 + 11 - 23) + -36)?
22
What is the value of (37 + 13 - (-101 + 145)) + -1 + -35?
-30
What is (14 - 24) + 18 + -58 + 10?
-40
Evaluate (-85 - -111) + -104 + 81.
3
What is -3 - (-137 + (74 + -26 - 65))?
151
What is 50 + 4 - 11 - 78?
-35
Evaluate 35 - (102 - 54 - 45).
32
-15 + (14 - 0) + -1 + -2
-4
What is the value of (-29 + 16 - (-2 + -18 + 3)) + 8?
12
Evaluate 32 + -32 + (3 + 5 - -1) - (-8 + 0).
17
(-4 - 2) + (-16 - ((-11 - -8 - -16) + -1))
-34
What is -2 - -19 - ((11 + -3 - 16) + -2)?
27
Evaluate (-3719 - -3641) + (-1 - -62).
-17
Evaluate 76 + 3 + -647 + 564.
-4
What is (-22 + 3 - ((-35 - 3) + 29)) + -3?
-13
What is the value of (-9 - 71 - 3) + 38?
-45
What is the value of 128 + 0 + (7025 - 7074)?
79
What is 225 + -231 - (2 + (12 - -1))?
-21
Evaluate 36 + 6 - (7 + -3 + -12 - -7).
43
Calculate -1 + -1 + 24 + -1972 + 1971.
21
What is the value of 4 + (-38 - -1) + -439 + 441?
-31
Calculate 18 + -12 + (-4 - -17) + -33 - (1 + -78).
63
What is the value of 24 + (64 - (215 - 77))?
-50
What is 1 + -36 + (22 - (-22 + 37)) - 8?
-36
-4 - -88 - (-25 + -17 - -58)
68
(-19 - -1) + 66 - 18 - -57
87
(-78 - 2) + -6761 + 6803
-38
What is (-16 - -22) + -12 - (3 - 6) - 20?
-23
Calculate (-3 + 14 - 7 - (-6 + 28)) + 109.
91
Calculate (-92 + 76 - 4) + 10.
-10
What is the value of (33 - 120) + 26 - (-34 - 5)?
-22
Calculate 59 - (50 + -44 + -10).
63
What is -8 - ((-14 - -30) + -17) - (3 + -5 - -39)?
-44
What is the value of 63 + (-1 - 21) + -2 + -17?
22
(8 + -5 - (46 + -50)) + -4 - -62 - -12
77
What is the value of -5 + 11 + (1 - 0) + (25 - 29)?
3
Evaluate -50 + -53 + 72 - (2 + -2 + 2 + -1).
-32
Evaluate -100 + 71 - (8 - (4 - 4)).
-37
Calculate 45 + -13 - 48 - -63.
47
What is (-355 + 351 - (-2 + 6)) + -1 + -1 + -59?
-69
What is (-39 - -5) + 93 + -106?
-47
Calculate -41 - 11 - -36 - (-34 - -3).
15
Calculate (43 - 35) + (34 - (20 - 13)).
35
What is (-185 - (-72 - 13)) + 49?
-51
-5 + -1 + -43 + -16 + -6 + 30 - 5
-46
Evaluate 19 + 12 + (-37 - -102) - -15.
111
What is the value of -3 + 27 + -14 - (4 + 3 + -3 + 3)?
3
What is the value of 31 - ((20 - -16) + -19 + 60)?
-46
Evaluate (1 - 1) + 11 - (-635 - -696).
-50
Evaluate (2 + -2 - -5) + (-8 + 58 - (-367 + 377)).
45
What is the value of -103 - (-8 + 16 + -16) - (4 - (-1 - -5))?
-95
Calculate -9 + -59 - (96 + -112).
-52
Evaluate 2 - 16 - ((32 - 6 - 8) + -2).
-30
What is the value of (1 - -3 - -52) + -16 + 23?
63
-153 - (-79 + 102 + -57)
-119
(-3 + -83 - (-6 + -11)) + 22
-47
What is (21 - (72 - 21)) + 48 - 54?
-36
What is the value of -5 + 13 + -6 + 49 + -97?
-46
What is the value of -20 + 25 + 19 + -30 + -22?
-28
9 - (-4 + 21 + -19) - -22
33
What is 20 - (16 + (-4 - 3)) - 1 - 85 - -3?
-72
Calculate (4 - ((-7 - -3) + 18)) + 14 + 8.
12
14 + 17 - (76 + -1)
-44
(-2598 - -2615) + (3 - (-3 - -45))
-22
Evaluate -48 + (22 + -15 - 4) + -9 + (4 - 2).
-52
-26 + (0 - -2 - (511 - 525)) + (-7 - 1)
-18
-8 + 6 + 5 + -16 + 16 + -3 + 100
100
What is (0 - 1 - -47) + 38599 + -38699?
-54
What is the value of (-8 - 6) + 9 + (-11 - (-10 + -18))?
12
What is the value of (-4 - -35 - 14 - 13) + 6 - -76?
86
What is -9 + 5 + -51 - (-863 + 825)?
-17
What is the value of (-24 - -37 - 17) + (2 - 1) + (-3 - -34)?
28
(4 - 1) + 16 + ((17 - 40) + 15 - 39)
-28
What is -1 + -8 + 12 + -43 + -35 + 31?
-44
Evaluate -51 + (-41 - (-12 + -61)).
-19
(8 - (10 + 4 + -8)) + -9 + -2 + 2
-7
What is the value of -188 + -3 - (349 + -437)?
-103
96 + -46 + (-38 - -80) + 17
109
What is 46 + (32 - 66) + (-15 - -1) + 31?
29
What is the value of 104 - 15